 -16. Let p(g) be the second derivative of -g**4/12 - 7*g**3/6 - 2*g**2 + 3*g. Calculate p(s).
-12
Let u(j) = -2*j**2 - 2*j - 13. Let a be (11/33)/((-112)/36 + 3). Determine u(a).
-25
Let d(y) = 3*y**2 - 10*y**2 - 2*y + 12*y - 3*y**2 + y**3 - 12. Suppose -20*w - 23 = -3*p - 22*w, 3*p - w - 29 = 0. Calculate d(p).
-3
Let d = 205 - 204. Let i(l) = -16 + d + 11 - 5*l. Calculate i(3).
-19
Let s(p) = 25*p + 1. Let l be -6*(-3 - 36/(-10))*75/(-90). Determine s(l).
76
Suppose 25 = 4*j + 17. Let f(r) = 1 + 5*r - 1 + 3 - 2 - 3*r**j. Determine f(4).
-27
Suppose 90 = 10*r - 60. Suppose 0 = 3*n - 3*c, 4*c - r + 3 = 0. Let f(o) = -7*o**3 + 1 - 9*o**3 + 2*o + 14*o**n. Give f(-1).
1
Suppose -3*b - 2*n + 8 + 14 = 0, -3*n - 6 = -2*b. Let o(h) = 42 - 38 + h**2 + 5*h**2 - 3*h**2 - 4*h**2 + b*h. What is o(9)?
-23
Let c(i) be the third derivative of -3*i**4/8 + 7*i**3 - 284*i**2. Give c(4).
6
Let m(w) be the third derivative of -w**6/120 - 7*w**5/60 - 3*w**4/8 - 11*w**3/6 + 3*w**2 - 153. Determine m(-6).
7
Let s(q) = -5*q**2 - 4*q**2 + 478*q**3 - 7 + 4*q**2 - 477*q**3. Calculate s(5).
-7
Let l(n) = -29*n**2 - 17969*n**3 + 8994*n**3 - 22 + 25*n + 8976*n**3. Calculate l(28).
-106
Let w(z) = -2*z**2 + 94*z + 115. Let c be w(48). Let l(i) = i**2 - 25*i + 120. Give l(c).
6
Suppose 64*y - 23*y - 480 = -79*y. Let h(i) = -3*i + 4. What is h(y)?
-8
Let y(q) = 13*q**2 - 14*q - 8. Let h(c) = -3*c**2 + 2*c + 2. Let m(g) = -4*h(g) - y(g). Suppose 2*l - 26 = -5*v, 3*l + 9 - 3 = 0. Determine m(v).
0
Let x(q) = -11*q**2 + 2*q - 1. Let p be (22 - 19)/(6/(-140)). Let w = p - -99. Suppose -w*r = -32*r + 3. Calculate x(r).
-10
Let p(d) = 201 + 30*d - 296 + 127. Give p(-1).
2
Let a(w) = -3*w + 64. Let n be a(17). Let r(l) = -1 - l**2 - 2 - 20*l + n*l + 2*l + 0*l. Calculate r(-2).
3
Let l = 1 - 4. Let i(r) = 5 + 88382*r + 88385*r - 176765*r. Determine i(l).
-1
Let d(q) = -q**3 + q**2 + q + 1. Let z(c) = -4*c - 20. Suppose -66 = 6*x - 12. Let a be z(x). Suppose 0 = 5*g + 4*y - 2, 0 = -5*g + 3*y + a. Determine d(g).
-1
Let u(c) = -c**3 + 5*c**2 - 6*c - 6. Let x be (-624)/2080*-5*2. Give u(x).
-6
Let z(b) = -5*b - 7. Let u(v) = -5*v**2 + 56*v + 16. Let y be u(17). Let p = 474 + y. Determine z(p).
8
Let h(x) = -12*x + 10. Suppose 10 - 24 = 6*d - 32. Determine h(d).
-26
Let w(t) be the third derivative of -t**6/120 + t**5/60 - t**4/24 - 61*t**2. Let f be -2 - (-18)/10 - 1/(-5). Give w(f).
0
Suppose 62 = 29*y - 170. Let b(l) = 11*l**2 - 29*l + 20. Let t(p) = -7*p**2 + 19*p - 13. Let m(c) = y*t(c) + 5*b(c). What is m(8)?
-12
Suppose -12*a + 13*a + w = -4, 12 = -4*a - 3*w. Let v(k) = 22*k + 1. Let f be v(1). Let q(i) = 8*i + 5*i + 33 - f + a*i + i**2. What is q(-12)?
-2
Let s = 36 + 6. Let n be (s/9)/(6/(5 + 67)). Let r(p) = -55*p + 0 - 2 + n*p. Determine r(3).
1
Let o(f) be the second derivative of -8*f - 1/12*f**4 + 0 - 1/10*f**5 + 1/6*f**3 - 1/2*f**2. Let n be ((-2 - -1) + 0)*(-14)/(-7). Determine o(n).
9
Let l(i) be the third derivative of 0*i + 3*i**2 - 1/6*i**4 - 1/6*i**3 + 0 - 1/60*i**5. Suppose 3*z + 2 = -k - 0, -2*k - z = 4. Give l(k).
3
Let h = -148 + 175. Let n(k) = 13 - 3*k - h - 2*k**2 + k + 11. Calculate n(-2).
-7
Let v(r) = 8*r**3 - 8*r**2 + 9*r - 55. Let y(i) = -9*i**3 + 9*i**2 - 10*i + 62. Let w(z) = -10*v(z) - 9*y(z). Give w(2).
-4
Let u(j) be the first derivative of 8*j**3/3 + j**2/2 + j + 266. Determine u(-1).
8
Let u(q) be the third derivative of q**8/10080 + q**6/240 + 31*q**5/20 + 2*q**2 - 55. Let a(p) be the third derivative of u(p). Determine a(-3).
21
Let l(g) = -g**3 - 9*g**2 - 5*g - 3. Suppose -9*h - 37 = 5*h + 61. What is l(h)?
-66
Let l(j) be the third derivative of j**6/120 + 29*j**5/60 + 25*j**4/8 - 71*j**3/6 + 13347*j**2. Give l(-26).
7
Let v = -61 - -64. Suppose 0 = -5*h + v*d + 82, 0 = h + 10*d - 6*d + 2. Let k(b) = b**3 + 3*b + 24 + 4*b**2 - h - 5. Give k(-4).
-7
Let u(r) be the third derivative of 0*r + 16*r**2 + 0 - 1/8*r**4 + 2/3*r**3. Suppose k - a = 3*a + 3, -4*k + 4*a + 12 = 0. What is u(k)?
-5
Let z(s) = 30 - 2*s - 11*s**2 + 6*s**2 - 19 + s**2 + 3*s**2. Calculate z(7).
-52
Let c(j) be the first derivative of j**4/4 - 4*j**3/3 + j**2 - 2*j + 34. Suppose 5*w = -2*r - 155, -4*r - 4*w - 245 = -7*w. Let h = r - -68. Give c(h).
-5
Let x(k) = -36*k + 40. Let l(s) = 37*s - 33. Let w(i) = -5*l(i) - 4*x(i). Calculate w(2).
-77
Let i(y) = 13*y**3 + 37*y**2 + 16*y + 5. Let l(q) = -2*q**3 - 5*q**2 - q. Let s(t) = -i(t) - 6*l(t). Give s(-3).
-11
Suppose -2*s + 168 = 19*s. Let x(d) = -2*d - 5*d - 10 + s + 3*d**2 + 5*d. Determine x(2).
6
Let p(g) = -3903*g - 2 + 25 + 7817*g - 3905*g. Calculate p(6).
77
Let x be 1*-21*2/6. Let b = x + 16. Let t(y) = 7*y + 5*y - b - 13*y. What is t(0)?
-9
Suppose 5*f + 4*p = 2*p - 28, -3*p = -5*f - 33. Let v(z) = -5*z**3 - 13*z**2 + 4*z + 6. Let h(c) = -c**3 - 2*c**2 - c + 1. Let k(y) = -4*h(y) + v(y). Give k(f).
-10
Let z = -166 + 160. Let b(l) = -l**2 - 10*l - 7. Calculate b(z).
17
Let y = 7 + -10. Let j(a) = -a**2 + 2*a + 1. Suppose 0 = -7*o - 11 + 4. Let b(g) = 5*g**2 - 5*g - 7. Let l(q) = o*b(q) - 4*j(q). Give l(y).
3
Let o = 215 - 220. Let y be (o/(-4))/(3/(-12)). Let i(w) = -w - 14. What is i(y)?
-9
Let z(g) be the first derivative of g**5/120 - 13*g**4/24 + 10*g**3 - g**2 - 26. Let p(h) be the third derivative of z(h). Calculate p(6).
-7
Let s(n) = 35*n + 13. Let o = 8688 + -8691. Calculate s(o).
-92
Let h be 6/(-18)*-2*9/3. Suppose -h*r - 16 = -2*z + 2, r - 4*z = 0. Let s(i) = -i**3 - 13*i**2 - 12*i + 5. Determine s(r).
5
Let f(g) = -6*g + 3. Let v be 1962/(-42) + (-4)/14. Let x = v - -47. Suppose -2*a + 24 = -5*w, -w - 2*w - 12 = x. Calculate f(a).
-9
Let y(j) = 47*j**2 - 18*j - 10. Let z(n) = -9*n**2 + 3*n + 2. Let c(g) = -2*y(g) - 11*z(g). What is c(2)?
24
Let w(p) = -6*p**3 - 56*p**2 - p - 30. Let i(o) = 4*o**3 + 37*o**2 + o + 20. Let k(b) = -8*i(b) - 5*w(b). What is k(-8)?
14
Let q(m) = m**2. Let w(y) = -2*y. Let o be w(1). Let i(j) be the first derivative of -j**3/3 + 3*j**2/2 + 4*j - 372. Let k(s) = o*q(s) - i(s). Calculate k(-3).
-4
Let a(c) be the second derivative of c**5/20 + c**4/4 - 4*c**3/3 - 7*c**2/2 - 173*c. Let q = 22 + -27. Give a(q).
-17
Let i = 24 - 17. Let t(x) = 6*x - 5874 - x - 4*x - 5870 - 5878 + 17610. Calculate t(i).
-5
Suppose 4*x - y + 4086 - 4088 = 0, -2*x + 5*y - 8 = 0. Let f(j) = 9*j**2 + 18*j - 19. Calculate f(x).
8
Let q = -14 + 22. Suppose -r - q = -5*d, -4*r = d + d - 12. Let f(s) be the second derivative of -s**4/12 + s**2/2 - 8*s. Calculate f(r).
-3
Let z be (5 - 15)/5*(3 + 0). Let y(f) = -f**3 - 8*f**2 - 4*f - 13. Let s(g) = 3*g**3 + 23*g**2 + 11*g + 37. Let w(u) = z*s(u) - 17*y(u). Give w(-2).
-5
Let f(r) = 2*r**2 + 15*r - 10. Suppose -y = -4, -d - 2*y = -5*d + 84. Suppose -4*t + 3*u - d = 0, 2*t + 0*u + 10 = 2*u. Calculate f(t).
-2
Suppose 9*v - 295 = 2*n - 75, 3*n = -2*v + 73. Let b(l) = -l + 75. Calculate b(v).
49
Let k(o) = -o**2 + 68*o + 942. Let g be k(-12). Let f(p) = 3*p**2 + 56*p + 32. What is f(g)?
-4
Suppose x = -2*x + 6*x. Suppose x = -11*j + 8*j + 42. Suppose -16*y - 14 = -j*y. Let r(m) = -m**2 - 6*m + 1. What is r(y)?
-6
Let o(v) = -v**3 + 5*v**2 + 16*v - 1. Let a be ((-14)/(-4))/(-15*8/(-240)). Determine o(a).
13
Suppose 7*i = -5*i + 18744. Let g(o) = -o - 3 - i*o**2 - 6*o + 1561*o**2. What is g(-4)?
9
Let z(j) = -17*j**2 + 217*j + 216. Let d be z(-1). Let l(h) = -2*h**2 - 38*h - 12. Calculate l(d).
24
Let v(k) = -6*k**3 + 5*k**2 + 5*k - 2. Let t(f) be the second derivative of f**5/20 + f**4/12 - f**3/6 - 26*f. Let j(h) = 5*t(h) + v(h). Calculate j(10).
-2
Let z(m) = m + 12. Let l = 14 - 33. Let n = l + 23. Let s = -1 - n. Determine z(s).
7
Let u(r) = r**2 + 4*r + 1. Let w be -4*(-4 - (-22)/4). What is u(w)?
13
Let y = -314 - -315. Let n(s) = -12*s**2 - 4*s + 4. Let x(h) = 12*h**2 + 5*h - 5. Let d(g) = 6*n(g) + 5*x(g). Give d(y).
-12
Let i(w) = -2*w**2 - 6*w + 17. Let s(x) = 2*x**2 + 5*x - 17. Let m(h) = -4*i(h) - 5*s(h). Let t(u) be the first derivative of m(u). Give t(-3).
11
Let r(i) be the third derivative of i**5/20 - i**4/4 + 31*i**3/6 - 3*i**2 - 1657. Determine r(6).
103
Let s(j) = j**2 - 8. Let q be (5 - -3) + (13 - 10). Suppose t - q = 2*o, -4*o - t = -9*o - 29. Give s(o).
28
Let x(q) = -2*q + 9. Let h(u) = 9*u - 115. Let i(c) = -3*c + 41. Let a(t) = 4*h(t) + 